alse
Is 3407 a prime number?
True
Is 51583 a prime number?
False
Is 44501 a composite number?
False
Is 551 composite?
True
Is 50221 prime?
True
Is 76747 a composite number?
True
Is 3359 a composite number?
False
Is 209 a composite number?
True
Is 461509 prime?
False
Is 41177 a composite number?
False
Is 45613 a composite number?
False
Is 6353 prime?
True
Is 149165 prime?
False
Is 15298 a prime number?
False
Is 7465 composite?
True
Is 437467 prime?
True
Is 3223 prime?
False
Is 96071 a prime number?
False
Is 223945 a composite number?
True
Is 17873 composite?
True
Is 411 a prime number?
False
Is 844583 a composite number?
True
Is 37189 a prime number?
True
Is 4279 a prime number?
False
Is 33683 a prime number?
False
Is 140351 a composite number?
False
Is 16609 composite?
True
Is 419 prime?
True
Is 105097 a prime number?
True
Is 109754 composite?
True
Is 245783 prime?
True
Is 16847 prime?
False
Is 1657 a composite number?
False
Is 243043 composite?
True
Is 32647 a prime number?
True
Is 33817 a composite number?
True
Is 86803 composite?
True
Is 99961 a prime number?
True
Is 402469 composite?
True
Is 428759 prime?
True
Is 639563 composite?
False
Is 35338 a prime number?
False
Is 1689691 composite?
True
Is 207763 composite?
False
Is 1397 a composite number?
True
Is 13751 composite?
False
Is 10559 a composite number?
False
Is 1931 prime?
True
Is 11269 a prime number?
False
Is 132731 composite?
True
Is 10369 a composite number?
False
Is 40499 a prime number?
True
Is 4287 composite?
True
Is 15421 a composite number?
True
Is 3691 composite?
False
Is 737 a prime number?
False
Is 733789 a composite number?
True
Is 1901 prime?
True
Is 11443 composite?
False
Is 14281 composite?
False
Is 16603 a composite number?
False
Is 398417 a composite number?
False
Is 157597 composite?
True
Is 565 a prime number?
False
Is 66985 prime?
False
Is 6113 a prime number?
True
Is 378781 a prime number?
False
Is 32243 prime?
False
Is 23223 a prime number?
False
Is 215519 a prime number?
False
Is 10529 prime?
True
Is 96581 a prime number?
True
Is 651967 a prime number?
False
Is 909191 a prime number?
False
Is 43117 prime?
True
Is 900895 a composite number?
True
Is 471467 prime?
True
Is 87319 prime?
False
Is 4907 a composite number?
True
Is 101323 a composite number?
False
Is 3210803 a composite number?
False
Is 15103 prime?
False
Is 5813 a composite number?
False
Is 7167 composite?
True
Is 51599 a prime number?
True
Is 192221 a composite number?
True
Is 271831 a composite number?
True
Is 142403 prime?
True
Is 2393467 a prime number?
True
Is 1927853 prime?
True
Is 17455 a composite number?
True
Is 426469 a prime number?
True
Is 17233 composite?
True
Is 2077 a prime number?
False
Is 12883 composite?
True
Is 4781 composite?
True
Is 499711 a composite number?
False
Is 273179 composite?
True
Is 731365 composite?
True
Is 49417 composite?
False
Is 13957 a prime number?
False
Is 30365 composite?
True
Is 76079 a prime number?
True
Is 11257 a composite number?
False
Is 167927 composite?
True
Is 73939 prime?
True
Is 17462 prime?
False
Is 1731323 prime?
False
Is 1836491 composite?
True
Is 4271 composite?
False
Is 573 composite?
True
Is 211199 a composite number?
False
Is 1847 a prime number?
True
Is 197747 composite?
True
Is 35522 prime?
False
Is 19322 composite?
True
Is 11953 a composite number?
False
Is 1998251 prime?
True
Is 24191 a prime number?
False
Is 4313 a prime number?
False
Is 72497 prime?
True
Is 550513 a composite number?
False
Is 26327 a prime number?
False
Is 85287 a composite number?
True
Is 187303 a composite number?
False
Is 114937 composite?
True
Is 51079 prime?
False
Is 17249 prime?
False
Is 127 a prime number?
True
Is 2705 a composite number?
True
Is 5963 a composite number?
True
Is 7069 a prime number?
True
Is 18787 a prime number?
True
Is 10061 prime?
True
Is 200591 composite?
False
Is 75085 a prime number?
False
Is 724263 composite?
True
Is 185143 prime?
False
Is 42043 a prime number?
True
Is 211369 composite?
False
Is 145 composite?
True
Is 5051 composite?
False
Is 59833 prime?
True
Is 23 a composite number?
False
Is 23929 a composite number?
False
Is 11729 prime?
False
Is 967 prime?
True
Is 32083 prime?
True
Is 9791 a prime number?
True
Is 66961 a prime number?
False
Is 66919 a composite number?
False
Is 2819 prime?
True
Is 77379 composite?
True
Is 49857 composite?
True
Is 255613 a prime number?
True
Is 14971 composite?
True
Is 146779 prime?
False
Is 10511 a composite number?
True
Is 5963 a composite number?
True
Is 82051 a prime number?
True
Is 50951 prime?
True
Is 29951 a prime number?
False
Is 614605 composite?
True
Is 34313 prime?
True
Is 7621 prime?
True
Is 10903 composite?
False
Is 249661 a prime number?
False
Is 53 prime?
True
Is 1845119 a composite number?
False
Is 1069 a composite number?
False
Is 4339 a composite number?
False
Is 5791 a composite number?
False
Is 7981 composite?
True
Is 9511 a prime number?
True
Is 2053 prime?
True
Is 37589 composite?
False
Is 22583 composite?
True
Is 48917 a composite number?
True
Is 103339 composite?
True
Is 8329 prime?
True
Is 1385693 a prime number?
True
Is 16621 a prime number?
False
Is 37397 composite?
False
Is 4201 a prime number?
True
Is 403 composite?
True
Is 263897 a composite number?
True
Is 255733 a prime number?
True
Is 2753713 a prime number?
False
Is 3991 composite?
True
Is 19351 composite?
True
Is 2921 prime?
False
Is 219743 a prime number?
False
Is 1266149 prime?
True
Is 2369 a prime number?
False
Is 681281 prime?
False
Is 67327 a composite number?
True
Is 33043 a composite number?
True
Is 78749 a prime number?
False
Is 1349 composite?
True
Is 16579 composite?
True
Is 433046 a prime number?
False
Is 26981 composite?
False
Is 21967 a composite number?
True
Is 3267809 composite?
False
Is 2591 prime?
True
Is 2148899 composite?
False
Is 14983 a prime number?
True
Is 1052851 a composite number?
False
Is 53813 a composite number?
False
Is 3073 a prime number?
False
Is 306179 prime?
False
Is 3366746 composite?
True
Is 48241 a prime number?
False
Is 51583 prime?
False
Is 142666 a composite number?
True
Is 193119 a prime number?
False
Is 27647 a prime number?
True
Is 834671 composite?
False
Is 60101 composite?
False
Is 367819 prime?
True
Is 306701 a composite number?
False
Is 458151 a prime number?
False
Is 1101169 composite?
False
Is 86249 a composite number?
False
Is 31469 prime?
True
Is 6997 composite?
False
Is 7907 prime?
True
Is 1123051 a prime number?
True
Is 29721 prime?
False
Is 26131 prime?
False
Is 1541 composite?
True
Is 31751 prime?
True
Is 7613 a prime number?
False
Is 37255 prime?
False
Is 7709 a composite number?
True
Is 309527 prime?
False
Is 701783 a composite number?
False
Is 6769 a prime number?
False
Is 8654 a composite number?
True
Is 2047 a composite number?
True
Is 42049 composite?
True
Is 5939 a composite number?
False
Is 375857 a prime number?
True
Is 67271 prime?
True
Is 6637 composite?
False
Is 169723 a prime number?
False
Is 145739 prime?
False
Is 13531 composite?
True
Is 9643 a composite number?
False
Is 609117 prime?
False
Is 647837 prime?
True
Is 484397 prime?
True
Is 1439 a composite number?
False
Is 121361 a composite number?
True
Is 275851 prime?
False
Is 208093 a prime number?
False
Is 887819 composite?
False
Is 16078 prime?
False
Is 20743 composite?
False
Is 184165 composite?
True
Is 12767 composite?
True
Is 470489 a composite number?
False
Is 526 a prime number?
False
Is 8387 prime?
True
Is 187531 a composite number?
False
Is 15403 composite?
True
Is 3264383 composite?
False
Is 36761 a prime number?
True
Is 232867 a composite number?
True
Is 901 composite?
True
Is 175477 a composite number?
True
Is 96989 composite?
False
Is 101633 composite?
True
Is 1361 composite?
False
Is 1194559 a prime number?
False
Is 63073 prime?
True
Is 7723 a composite number?
False
Is 7819 prime?
False
Is 13714 a prime number?
False
Is 127447 composite?
False
Is 1176313 a prime number?
False
Is 138687 prime?
False
Is 277741 composite?
False
Is 4542371 composite?
False
Is 10351 composite?
True
Is 8923 prime?
True
Is 381959 prime?
False
Is 2111231 a prime number?
True
Is 8147 a prime number?
True
Is 87179 a prime number?
True
Is 81071 a composite number?
False
Is 1843445 prime?
False
Is 14047 a prim